) - -3).
-19
(7 - (19 + 1)) + 21
8
What is the value of -11 + 0 + 72 + -49 + -32?
-20
What is (1435 - 1416) + 1 + -32?
-12
-21 + -5 + 10 + -5
-21
Calculate -13 - 1 - (-125 + 105).
6
1 + (-5 + 2 - (14 + -8)) + 0
-8
Calculate -7 - ((3 - (1 + -10)) + -7).
-12
Evaluate (-6 - (3 + -2)) + (15 - (4 - -7)).
-3
10 + 3 + -17 - (2 - -13) - -1
-18
Evaluate 21 + 1 - ((1 - (0 + -15)) + -16).
22
What is the value of 383 + -392 + (28 - 1)?
18
Evaluate -23 - (-25 + 25) - (2 + -9).
-16
Calculate 8 - (-16 - 14 - -16).
22
Calculate -32 + -21 + 43 - ((1 - 22) + 0).
11
What is the value of -17 + 1 - (-178 + 172)?
-10
Calculate (11 - (0 + 2 - (20 - 23))) + -5.
1
4 + -1 + (363 - 368)
-2
28 - 12 - (54 - 9 - 10)
-19
What is the value of -3 - (10 + -2 + (7 - 7) - 1)?
-10
Calculate -34 - -3 - (54 - 66).
-19
What is the value of 9 + (-2 - -3) - (58 - 65)?
17
Calculate -16 - (-18 + 23 - 17).
-4
What is the value of 12 + -8 + 4 + -3 + (1 - 5)?
1
-17 + 9 + 10 + (6 - 5)
3
-17 - 17 - (-43 - -22)
-13
(-1 - 1) + -12 + 5
-9
What is 44 - (14 + -1) - 15 - 46?
-30
Calculate (-18 + 27 - 13) + 0 + -8.
-12
Evaluate 2 + 26 - (-168 + 183).
13
Evaluate 2 - -1 - ((4 - 9) + 7 - 10).
11
Calculate 13 + (-24 - ((17 - 0) + -10)).
-18
(-7 - -14) + 0 + -2 + 3
8
Calculate (-9 - -4) + (1 + -6 - -3).
-7
Calculate 1 + 2 + 3 - (-18 + 30).
-6
What is the value of -9 - -14 - (-6 + 2 + 5)?
4
What is -13 + (-14 - -19) + (-5 - 1)?
-14
-32 + 5 + (-5 - -13)
-19
-10 + 1 + 6 + 15 + -20 + -11
-19
Evaluate (-8 - (-11 - -4)) + 6.
5
Evaluate 1 + 1 + -6 + -7 + -34 + 39.
-6
What is -4 + 9 - (-1 - (0 - 10))?
-4
Evaluate 410 - 383 - (0 + 12).
15
Calculate (-3 - -3 - -3) + 1.
4
10 + (-28 + 9 - (5 - 3)) + 5
-6
Calculate 12 + 2 - ((-32 - -35) + 16).
-5
Evaluate (6 + -5 - -7 - 8) + -3.
-3
Calculate -1 - (-13 - 2) - (731 + -696).
-21
What is the value of 4 + -15 - 28 - -32?
-7
What is -31 - (52 + -34) - -33?
-16
What is the value of 0 + (-2 - (-4 - -8)) + (37 - 31)?
0
2055 + -2056 - (-1 - 15)
15
-6 + -25 + 20 + -2 + 5 + 22
14
What is the value of 4 + 1 + -6 + 2 + (147 - 143)?
5
What is -2 - (6 - (-11 + 16))?
-3
Evaluate (11 - 1) + (-4 - ((3 - 8) + 2)).
9
What is the value of 3 + (5 - 17) - (-5 + (0 - -6))?
-10
Calculate -70 + 74 - (-2 - -2 - (-11 + 1)).
-6
Evaluate -17 + 1 + (0 - (2 - 7)).
-11
Calculate 8 + (3 + -4 - -16 - 20).
3
Evaluate 3 + -7 + 2 + (4 - (-1 - -2)).
1
What is the value of 9 + 10 + (-3 - 6) + 3?
13
What is -34 + 3 + (-76 - -34 - -51)?
-22
(0 + (14 - -1) + -4 - 2) + -2
7
What is the value of 4 + 8 + (7 - (12 - 5)) + -46?
-34
What is (1 - 2) + (3 - -2) + -3 + -6?
-5
What is 4 + 12 + -9 + -20?
-13
(-3 - -3 - 3) + 1 + -12 + 9
-5
Calculate 4 + (-13 - -6) + 19 + -5 + 2.
13
(-1 - 5) + (9 - -40 - 19) + -25
-1
-24 - -8 - (-12 + 4) - 8
-16
What is the value of 52 + -49 + -1 + -6 + 5?
1
What is the value of 17 + -38 + -10 - -5?
-26
What is the value of (-5 - 4) + (-58 - -61 - (6 + 0))?
-12
Calculate 32 - (-56 + 12 - -72).
4
25 + (13 - (-4 - -11)) + -4 + 0
27
Evaluate (-1210 - -1188) + (1 - (-14 - -1)).
-8
What is the value of 4 + -26 + 4 - (-20 - -12)?
-10
Evaluate -33 + (1 - -24) + (-15 - 0).
-23
What is 1 - (0 - 13) - (244 - 252)?
22
21 - 19 - (-18 - -5)
15
Calculate 14 + -19 + -3 + -2 + (16 - 18).
-12
What is the value of (4 - (3 - (15 - 5))) + 4?
15
Calculate -2 - -1 - (1 - 16) - (5 - 8).
17
Evaluate 2 + (2 - 10) + (-29 - -19 - -11).
-5
21 - 33 - (5 - -3) - 1
-21
What is (9 - 6) + -3 - (-8 + 7)?
1
What is the value of (-34 - -4) + (-25 - -26) - -15?
-14
What is the value of (-2 - (11 - -4 - 4)) + -4?
-17
Calculate 3 - (4 - 1) - 1 - (85 - 78).
-8
Evaluate 14 + -9 + (13 - (11 + -4)) + -4.
7
(-12 - (-16 + 1)) + -5
-2
Calculate (21 + 0 - 7) + 0 - -11.
25
Evaluate -42 + 1 - (-52 + (49 - 4)).
-34
67 - 85 - (-21 - -5)
-2
What is the value of 1 + -5 + (-2 - -2) - (-9 + 11)?
-6
-7 + (19 - -5 - 37)
-20
What is the value of (1 - (3 - 3)) + (4 - 12 - 11)?
-18
What is (-4 - 0) + -1 + 4 + 11 + 8?
18
What is (-25 - (45 + -85)) + -49?
-34
(18 - (-3 - (-8 - (-4 - -8)))) + 6
15
(1 - 11) + (-4 - 3 - -1)
-16
(-8 - (-5 - -14 - 10)) + 17 + 0
10
21 - (23 + -27 + 6)
19
What is 3 - -2 - (18 - ((7 - 1) + 9))?
2
What is 0 + 8 - (14 - 9 - -2 - 4)?
5
What is -7 + (2 - 8) + 13 + -8?
-8
Evaluate -129 + 133 + (3 - 1) + 1 + 1.
8
What is 17 + -18 + 2 + 8?
9
What is the value of -2 - (24 - 25) - 3?
-4
What is the value of -9 - (-1 + -7 - (20 + 0 + -15))?
4
Calculate 27 + -1 + (-88 - -100).
38
Evaluate -5 + 5 - (-7 + 9).
-2
Calculate 1 - (-8 - -3 - (-4 + 0) - -12).
-10
What is 19 + (22 - 30) - -18?
29
What is -9 + 9 + -3 - ((2 - 2) + 9)?
-12
1 + 19 - ((2 - (9 + -14)) + -2)
15
What is the value of (26 - 22) + 24 + (-12 - (-1 + -3))?
20
Evaluate (6 - (10 + 11)) + -6 - -11.
-10
What is -2 + 9 - (17 - 13)?
3
What is the value of (24 - 3) + -12 + 7 + -2?
14
-3 + 2 + 1 + 199 + -195
4
Evaluate -25 + 9 + (20 - 6) + 18.
16
Calculate (-15 - 13) + (-1 - (5 + -7)) + 6.
-21
Calculate 0 - -4 - (-5 + (7 - -6) - 10).
6
Evaluate -1 + 9 + -7 + (2 - (-4 + 6)).
1
-23 + (9 + 18 - 1)
3
(10 - (-1 + 3)) + 24 + 61 + -115
-22
What is (-1 - 8) + 2 + 1 - (-162 + 151)?
5
What is -40 + 3 + 39 - (-2 - -1)?
3
Calculate -16 - 1 - 7 - -16.
-8
Calculate -7 - 11 - ((-3 - 0) + 8 + -8).
-15
What is the value of -9 + (5 - (15 + -7))?
-12
Evaluate -9 + (21 - (13 + -23)).
22
What is -2 + -15 - -1 - (-544 - -552)?
-24
Calculate -15 + 19 - (-6 - -13).
-3
What is the value of -6 + -4 - (-36 + 37 + -44)?
33
What is (-2 - (0 + -3)) + -6 + 65 + -72?
-12
What is -169 - -178 - (-4 - -25)?
-12
Evaluate 94 - 48 - (43 - 0).
3
Calculate 5 + -4 + 7 - -2.
10
Evaluate 9 + -23 + (-25 - -56) - 46.
-29
Calculate -8 + (-15 - -19 - -9) - (-4 - 3).
12
What is 17 + -25 + (0 - -11) - 7?
-4
-12 - (-9 - (-5 + 4 + 1))
-3
Evaluate 5 - ((23 - 17) + -9).
8
What is the value of 3 + 4 + 7 + -3?
11
What is 0 + (0 - 1) - -2 - (796 + -784)?
-11
What is (-17 - (13 - 19)) + (2 - -21)?
12
What is 5 + (-1 + -5 - -4) - (-6 + 8)?
1
Calculate -13 - (-13 + 1 + 7).
-8
What is 27 + 1 + -28 + 12?
12
27 + (-14 - -17) + -17
13
Evaluate (11 - 2) + (26 - (5 - (-7 - -7))).
30
2 + -19 + 33 + -14
2
What is (5 + -31 - -57) + -30?
1
What is the value of -21 + (15 - (-6 + 11))?
-11
10 + (-2 - (6 + -5)) + -10 + 5
2
Evaluate -41 - (-26 + 10 + -9).
-16
2 + (4 - ((-28 - -29) + (1 - 6)))
10
Calculate 85 + -96 - (-7 + -2 - -1).
-3
What is 4 - 8 - -25 - 5?
16
Calculate 4 - ((2 - 1) + (-7 - -6) + -4).
8
(56 - 39) + (-19 - 0)
-2
Evaluate 22 - 11 - 5 - 2 - 10.
-6
Evaluate ((11 - 5) + 1 - 36) + 10 + -1.
-20
What is the value of 13 - (13 - 0) - -3 - -21?
24
What is (8 - 2) + (-9 - -16 - 0)?
13
What is 7 + -7 + 10 - (6 - -9)?
-5
Calculate -25 + 44 + (-1 - 32).
-14
Calculate -14 + (-9 + 6 - -16).
-1
What is the value of -22 - ((16 - 56) + 11)?
7
What is the value of -8 - (44 + -23 + (0 - 1))?
-28
What is -28 + 24 + (-5 - 1) + -4 + 3?
-11
What is the value of -3 - (4 - 47 - (-3 - -2 - 7))?
32
Evaluate -33 - -17 - -14 - 10 - 9.
-21
Evaluate 155 + -187 - (-23 + -1).
-8
Calculate -10 - (8 + -15 + 5 + -3).
-5
What is the value of (-3 - 14 - -46) + -22?
7
What is the value of -12 + 8 - (1 + 2 + 3 + -2)?
-8
Calculate 12 + (4 - -2 - 11).
7
What is the value of -6 + -13 + 5 - (15 + -21)?
-8
What is the value of -4 - ((-7 - -3) + -3) - (40 + 2)?
-39
Evaluate -326 + 315 + 0 + 19.
8
-7 + 9 + 2 - (-4 - -11)
-3
What is the value of -4 + 1 - -14 - 12?
-1
What is the value of -3 + (14 - 3) + (-4 - 25 - 6)?
-27
What is (3 - 3 - 3) + -11 + 10?
-4
7 + -5 + 17 + -10 + (-1 - -7)
15
What is the value of (-38 - -15 - -18) + (-2 - (-5 + 1))?
-3
What is (2 - 1) + (3 - (13 + 11 + -23))?
3
Evaluate (4 - (-3 + (21 - 9))) + 32.
27
Calculate -7 + -11 + (-2 - -13).
-7
(4 + 6 - 34) + 55
31
Calculate 1 - 8 - ((-12 + 5 - -1) + 5).
-6
What is -8 + 15 + 6 + (-9 - -8)?
12
What is (15 + -9 - 17) + 12?
1
Evaluate -2247 + 2248 - (-12 - (1 + -4 + 2)).
12
Calculate (-13 - 0) + (14 - ((12 - 2) + 11)).
-20
What is (30 - 6) + -48 - -25?
1
Evaluate -8 - (-26 + 45 + -49).
22
Evaluate (11 - (3 + 17) - -7) + -9.
-11
Evaluate -2 - (-110 + 120 - (0 - -4)) - 8.
-16
6 - (-6 + 8 - (-3 - (-7 + -4)))
12
Calculate (1 - -2) + (-52 - (-90 + 36)).
5
What is 17 - (2 + (4 - ((-5 - -3) + 6)))?
15
Evaluate -19 - (-1 - -6 - 3) - (-23 + 20).
-18
-5 - (7 - 0 - 10) - (-1 - 1)
0
(808 - 756) + 0 + -42
10
What is the va